{"id":1801,"date":"2025-02-11T16:27:07","date_gmt":"2025-02-11T15:27:07","guid":{"rendered":"https:\/\/www.velocampus.net\/?page_id=1801"},"modified":"2025-02-11T17:23:21","modified_gmt":"2025-02-11T16:23:21","slug":"les-liens-de-velocampus","status":"publish","type":"page","link":"https:\/\/www.velocampus.net\/en\/mentions-legales\/les-liens-de-velocampus\/","title":{"rendered":"Les liens de V\u00e9locampus"},"content":{"rendered":"\n<!DOCTYPE html>\n<html lang=\"en\">\n<head>\n    <meta charset=\"UTF-8\">\n    <meta name=\"viewport\" content=\"width=device-width, initial-scale=1.0\">\n    <title>V\u00e9locampus Nantes &#8211; Links<\/title>\n    <script src=\"https:\/\/cdn.tailwindcss.com\"><\/script>\n<\/head>\n<body class=\"bg-gray-100\">\n    <main class=\"min-h-screen w-full flex items-center justify-center p-4\">\n        <div class=\"w-full max-w-sm bg-white p-6 md:p-8 rounded-2xl shadow-lg text-center\">\n            <img decoding=\"async\" src=\"https:\/\/www.velocampus.net\/wp-content\/uploads\/2023\/12\/cropped-logo_velocampus_velo_epure_fond_blanc_CARRE.png\" alt=\"Profile Picture\" class=\"w-24 h-24 mx-auto rounded-full border-4 border-gray-300\">\n           \n            <header class=\"mt-4\">\n                <h1 class=\"text-xl md:text-2xl font-semibold\">V\u00e9locampus Nantes<\/h1>\n                <p class=\"text-gray-500 mt-1\">\ud83d\udeb2 V\u00e9locampus, association v\u00e9lo ouverte \u00e0 tous\u00b7tes ! \ud83d\udeb4\u200d\u2642\ufe0f Location et autor\u00e9paration de v\u00e9lo \ud83d\udd27 \ud83d\udccd Nantes, Mohrronni\u00e8re &#8211; Petit Port<\/p>\n            <\/header>\n           \n            <nav class=\"mt-8 space-y-4\" aria-label=\"Social links\">\n                <a href=\"https:\/\/www.velocampus.net\" class=\"block w-full bg-gray-900 text-white py-3 px-4 rounded-lg font-medium hover:bg-gray-700 focus:outline-none focus:ring-2 focus:ring-offset-2 focus:ring-gray-900 transition-colors\">Site internet<\/a><a href=\"https:\/\/www.helloasso.com\/associations\/velocampus\/evenements\/reserve-ton-creneau-d-autoreparation\" class=\"block w-full bg-gray-900 text-white py-3 px-4 rounded-lg font-medium hover:bg-gray-700 focus:outline-none focus:ring-2 focus:ring-offset-2 focus:ring-gray-900 transition-colors\">R\u00e9server un cr\u00e9neau d&#8217;atelier<\/a><a href=\"https:\/\/mobilizon.fr\/@velocampusnantes\" class=\"block w-full bg-gray-900 text-white py-3 px-4 rounded-lg font-medium hover:bg-gray-700 focus:outline-none focus:ring-2 focus:ring-offset-2 focus:ring-gray-900 transition-colors\">Compte Mobilizon<\/a><a href=\"https:\/\/piaille.fr\/@velocampusnantes\" rel=\"me\" class=\"block w-full bg-gray-900 text-white py-3 px-4 rounded-lg font-medium hover:bg-gray-700 focus:outline-none focus:ring-2 focus:ring-offset-2 focus:ring-gray-900 transition-colors\">Compte Mastodon<\/a><a href=\"https:\/\/www.instagram.com\/nantesvelocampus\/\" class=\"block w-full bg-gray-900 text-white py-3 px-4 rounded-lg font-medium hover:bg-gray-700 focus:outline-none focus:ring-2 focus:ring-offset-2 focus:ring-gray-900 transition-colors\">Compte Instagram<\/a><a href=\"https:\/\/www.velocampus.net\/contact-2\/\" class=\"block w-full bg-gray-900 text-white py-3 px-4 rounded-lg font-medium hover:bg-gray-700 focus:outline-none focus:ring-2 focus:ring-offset-2 focus:ring-gray-900 transition-colors\">Nous contacter<\/a><a href=\"https:\/\/laclavettedupaysnantais.fr\/\" class=\"block w-full bg-gray-900 text-white py-3 px-4 rounded-lg font-medium hover:bg-gray-700 focus:outline-none focus:ring-2 focus:ring-offset-2 focus:ring-gray-900 transition-colors\">Membre de la Clavette du Pays Nantais<\/a><a href=\"https:\/\/www.heureux-cyclage.org\/\" class=\"block w-full bg-gray-900 text-white py-3 px-4 rounded-lg font-medium hover:bg-gray-700 focus:outline-none focus:ring-2 focus:ring-offset-2 focus:ring-gray-900 transition-colors\">Membre de l&#8217;Heureux Cyclage<\/a>\n            <\/nav>\n\n            <div class=\"flex justify-center gap-4 mt-6\">\n                <a href=\"https:\/\/piaille.fr\/@velocampusnantes\" rel=\"me\" class=\"inline-block\" aria-label=\"Mastodon\">\n                        <svg class=\"w-10 h-10 text-gray-400 hover:text-gray-600 transition-colors\" viewBox=\"0 0 24 24\" fill=\"currentColor\">\n                            <path d=\"M11.19 12.195c2.016-.24 3.77-1.475 3.99-2.603.348-1.778.32-4.339.32-4.339 0-3.47-2.286-4.488-2.286-4.488C12.062.238 10.083.017 8.027 0h-.05C5.92.017 3.942.238 2.79.765c0 0-2.285 1.017-2.285 4.488l-.002.662c-.004.64-.007 1.35.011 2.091.083 3.394.626 6.74 3.78 7.57 1.454.383 2.703.463 3.709.408 1.823-.1 2.847-.647 2.847-.647l-.06-1.317s-1.303.41-2.767.36c-1.45-.05-2.98-.156-3.215-1.928a3.614 3.614 0 0 1-.033-.496s1.424.346 3.228.428c1.103.05 2.137-.064 3.188-.189zm1.613-2.47H11.13v-4.08c0-.859-.364-1.295-1.091-1.295-.804 0-1.207.517-1.207 1.541v2.233H7.168V5.89c0-1.024-.403-1.541-1.207-1.541-.727 0-1.091.436-1.091 1.296v4.079H3.197V5.522c0-.859.22-1.541.66-2.046.456-.505 1.052-.764 1.793-.764.856 0 1.504.328 1.933.983L8 4.39l.417-.695c.429-.655 1.077-.983 1.934-.983.74 0 1.336.259 1.791.764.442.505.661 1.187.661 2.046v4.203z\"\/>\n                        <\/svg>\n                    <\/a><a href=\"https:\/\/www.instagram.com\/nantesvelocampus\/\" class=\"inline-block\" aria-label=\"Instagram\">\n                        <svg class=\"w-6 h-6 text-gray-400 hover:text-gray-600 transition-colors\" viewBox=\"0 0 24 24\" fill=\"currentColor\">\n                            <path d=\"M12 0C8.74 0 8.333.015 7.053.072 5.775.132 4.905.333 4.14.63c-.789.306-1.459.717-2.126 1.384S.935 3.35.63 4.14C.333 4.905.131 5.775.072 7.053.012 8.333 0 8.74 0 12s.015 3.667.072 4.947c.06 1.277.261 2.148.558 2.913.306.788.717 1.459 1.384 2.126.667.666 1.336 1.079 2.126 1.384.766.296 1.636.499 2.913.558C8.333 23.988 8.74 24 12 24s3.667-.015 4.947-.072c1.277-.06 2.148-.262 2.913-.558.788-.306 1.459-.718 2.126-1.384.666-.667 1.079-1.335 1.384-2.126.296-.765.499-1.636.558-2.913.06-1.28.072-1.687.072-4.947s-.015-3.667-.072-4.947c-.06-1.277-.262-2.149-.558-2.913-.306-.789-.718-1.459-1.384-2.126C21.319 1.347 20.651.935 19.86.63c-.765-.297-1.636-.499-2.913-.558C15.667.012 15.26 0 12 0zm0 2.16c3.203 0 3.585.016 4.85.071 1.17.055 1.805.249 2.227.415.562.217.96.477 1.382.896.419.42.679.819.896 1.381.164.422.36 1.057.413 2.227.057 1.266.07 1.646.07 4.85s-.015 3.585-.074 4.85c-.061 1.17-.256 1.805-.421 2.227\"\/>\n                        <\/svg>\n                    <\/a>\n            <\/div>\n        <\/div>\n    <\/main>\n<\/body>\n<\/html>\n\n\n\n<p class=\"has-text-align-center has-small-font-size\"><em>(cette jolie page a \u00e9t\u00e9 cr\u00e9\u00e9e gr\u00e2ce \u00e0 un <a href=\"https:\/\/profil.cestpasdujdr.fr\/\" data-type=\"link\" data-id=\"https:\/\/profil.cestpasdujdr.fr\/\">outil qui fait une alternative \u00e0 LinkTree <\/a>!)<\/em><\/p>\n\n\n\n<p><\/p>\n","protected":false},"excerpt":{"rendered":"<p>V\u00e9locampus Nantes &#8211; Links V\u00e9locampus Nantes \ud83d\udeb2 V\u00e9locampus, association v\u00e9lo ouverte \u00e0 tous\u00b7tes ! \ud83d\udeb4\u200d\u2642\ufe0f Location et autor\u00e9paration de v\u00e9lo \ud83d\udd27 \ud83d\udccd Nantes, Mohrronni\u00e8re &#8211; Petit Port Site internetR\u00e9server un cr\u00e9neau d&#8217;atelierCompte MobilizonCompte MastodonCompte InstagramNous contacterMembre de la Clavette du<\/p>\n","protected":false},"author":11,"featured_media":0,"parent":270,"menu_order":0,"comment_status":"closed","ping_status":"closed","template":"","meta":{"_lmt_disableupdate":"","_lmt_disable":"","footnotes":""},"class_list":["post-1801","page","type-page","status-publish","hentry"],"translation":{"provider":"WPGlobus","version":"3.0.2","language":"en","enabled_languages":["fr","en"],"languages":{"fr":{"title":true,"content":true,"excerpt":false},"en":{"title":false,"content":false,"excerpt":false}}},"_links":{"self":[{"href":"https:\/\/www.velocampus.net\/en\/wp-json\/wp\/v2\/pages\/1801","targetHints":{"allow":["GET"]}}],"collection":[{"href":"https:\/\/www.velocampus.net\/en\/wp-json\/wp\/v2\/pages"}],"about":[{"href":"https:\/\/www.velocampus.net\/en\/wp-json\/wp\/v2\/types\/page"}],"author":[{"embeddable":true,"href":"https:\/\/www.velocampus.net\/en\/wp-json\/wp\/v2\/users\/11"}],"replies":[{"embeddable":true,"href":"https:\/\/www.velocampus.net\/en\/wp-json\/wp\/v2\/comments?post=1801"}],"version-history":[{"count":8,"href":"https:\/\/www.velocampus.net\/en\/wp-json\/wp\/v2\/pages\/1801\/revisions"}],"predecessor-version":[{"id":1816,"href":"https:\/\/www.velocampus.net\/en\/wp-json\/wp\/v2\/pages\/1801\/revisions\/1816"}],"up":[{"embeddable":true,"href":"https:\/\/www.velocampus.net\/en\/wp-json\/wp\/v2\/pages\/270"}],"wp:attachment":[{"href":"https:\/\/www.velocampus.net\/en\/wp-json\/wp\/v2\/media?parent=1801"}],"curies":[{"name":"wp","href":"https:\/\/api.w.org\/{rel}","templated":true}]}}

Les liens de Vélocampus

<!DOCTYPE html>
<html lang="en">
<head>
    <meta charset="UTF-8">
    <meta name="viewport" content="width=device-width, initial-scale=1.0">
    <title>Vélocampus Nantes &#8211; Links</title>
    <script src="https://cdn.tailwindcss.com"></script>
</head>
<body class="bg-gray-100">
    <main class="min-h-screen w-full flex items-center justify-center p-4">
        <div class="w-full max-w-sm bg-white p-6 md:p-8 rounded-2xl shadow-lg text-center">
            <img decoding="async" src="https://www.velocampus.net/wp-content/uploads/2023/12/cropped-logo_velocampus_velo_epure_fond_blanc_CARRE.png" alt="Profile Picture" class="w-24 h-24 mx-auto rounded-full border-4 border-gray-300">
           
            <header class="mt-4">
                <h1 class="text-xl md:text-2xl font-semibold">Vélocampus Nantes</h1>
                <p class="text-gray-500 mt-1">🚲 Vélocampus, association vélo ouverte à tous·tes ! 🚴‍♂️ Location et autoréparation de vélo 🔧 📍 Nantes, Mohrronnière &#8211; Petit Port</p>
            </header>
           
            <nav class="mt-8 space-y-4" aria-label="Social links">
                <a href="https://www.velocampus.net" class="block w-full bg-gray-900 text-white py-3 px-4 rounded-lg font-medium hover:bg-gray-700 focus:outline-none focus:ring-2 focus:ring-offset-2 focus:ring-gray-900 transition-colors">Site internet</a><a href="https://www.helloasso.com/associations/velocampus/evenements/reserve-ton-creneau-d-autoreparation" class="block w-full bg-gray-900 text-white py-3 px-4 rounded-lg font-medium hover:bg-gray-700 focus:outline-none focus:ring-2 focus:ring-offset-2 focus:ring-gray-900 transition-colors">Réserver un créneau d&#8217;atelier</a><a href="https://mobilizon.fr/@velocampusnantes" class="block w-full bg-gray-900 text-white py-3 px-4 rounded-lg font-medium hover:bg-gray-700 focus:outline-none focus:ring-2 focus:ring-offset-2 focus:ring-gray-900 transition-colors">Compte Mobilizon</a><a href="https://piaille.fr/@velocampusnantes" rel="me" class="block w-full bg-gray-900 text-white py-3 px-4 rounded-lg font-medium hover:bg-gray-700 focus:outline-none focus:ring-2 focus:ring-offset-2 focus:ring-gray-900 transition-colors">Compte Mastodon</a><a href="https://www.instagram.com/nantesvelocampus/" class="block w-full bg-gray-900 text-white py-3 px-4 rounded-lg font-medium hover:bg-gray-700 focus:outline-none focus:ring-2 focus:ring-offset-2 focus:ring-gray-900 transition-colors">Compte Instagram</a><a href="https://www.velocampus.net/contact-2/" class="block w-full bg-gray-900 text-white py-3 px-4 rounded-lg font-medium hover:bg-gray-700 focus:outline-none focus:ring-2 focus:ring-offset-2 focus:ring-gray-900 transition-colors">Nous contacter</a><a href="https://laclavettedupaysnantais.fr/" class="block w-full bg-gray-900 text-white py-3 px-4 rounded-lg font-medium hover:bg-gray-700 focus:outline-none focus:ring-2 focus:ring-offset-2 focus:ring-gray-900 transition-colors">Membre de la Clavette du Pays Nantais</a><a href="https://www.heureux-cyclage.org/" class="block w-full bg-gray-900 text-white py-3 px-4 rounded-lg font-medium hover:bg-gray-700 focus:outline-none focus:ring-2 focus:ring-offset-2 focus:ring-gray-900 transition-colors">Membre de l&#8217;Heureux Cyclage</a>
            </nav>

            <div class="flex justify-center gap-4 mt-6">
                <a href="https://piaille.fr/@velocampusnantes" rel="me" class="inline-block" aria-label="Mastodon">
                        <svg class="w-10 h-10 text-gray-400 hover:text-gray-600 transition-colors" viewBox="0 0 24 24" fill="currentColor">
                            <path d="M11.19 12.195c2.016-.24 3.77-1.475 3.99-2.603.348-1.778.32-4.339.32-4.339 0-3.47-2.286-4.488-2.286-4.488C12.062.238 10.083.017 8.027 0h-.05C5.92.017 3.942.238 2.79.765c0 0-2.285 1.017-2.285 4.488l-.002.662c-.004.64-.007 1.35.011 2.091.083 3.394.626 6.74 3.78 7.57 1.454.383 2.703.463 3.709.408 1.823-.1 2.847-.647 2.847-.647l-.06-1.317s-1.303.41-2.767.36c-1.45-.05-2.98-.156-3.215-1.928a3.614 3.614 0 0 1-.033-.496s1.424.346 3.228.428c1.103.05 2.137-.064 3.188-.189zm1.613-2.47H11.13v-4.08c0-.859-.364-1.295-1.091-1.295-.804 0-1.207.517-1.207 1.541v2.233H7.168V5.89c0-1.024-.403-1.541-1.207-1.541-.727 0-1.091.436-1.091 1.296v4.079H3.197V5.522c0-.859.22-1.541.66-2.046.456-.505 1.052-.764 1.793-.764.856 0 1.504.328 1.933.983L8 4.39l.417-.695c.429-.655 1.077-.983 1.934-.983.74 0 1.336.259 1.791.764.442.505.661 1.187.661 2.046v4.203z"/>
                        </svg>
                    </a><a href="https://www.instagram.com/nantesvelocampus/" class="inline-block" aria-label="Instagram">
                        <svg class="w-6 h-6 text-gray-400 hover:text-gray-600 transition-colors" viewBox="0 0 24 24" fill="currentColor">
                            <path d="M12 0C8.74 0 8.333.015 7.053.072 5.775.132 4.905.333 4.14.63c-.789.306-1.459.717-2.126 1.384S.935 3.35.63 4.14C.333 4.905.131 5.775.072 7.053.012 8.333 0 8.74 0 12s.015 3.667.072 4.947c.06 1.277.261 2.148.558 2.913.306.788.717 1.459 1.384 2.126.667.666 1.336 1.079 2.126 1.384.766.296 1.636.499 2.913.558C8.333 23.988 8.74 24 12 24s3.667-.015 4.947-.072c1.277-.06 2.148-.262 2.913-.558.788-.306 1.459-.718 2.126-1.384.666-.667 1.079-1.335 1.384-2.126.296-.765.499-1.636.558-2.913.06-1.28.072-1.687.072-4.947s-.015-3.667-.072-4.947c-.06-1.277-.262-2.149-.558-2.913-.306-.789-.718-1.459-1.384-2.126C21.319 1.347 20.651.935 19.86.63c-.765-.297-1.636-.499-2.913-.558C15.667.012 15.26 0 12 0zm0 2.16c3.203 0 3.585.016 4.85.071 1.17.055 1.805.249 2.227.415.562.217.96.477 1.382.896.419.42.679.819.896 1.381.164.422.36 1.057.413 2.227.057 1.266.07 1.646.07 4.85s-.015 3.585-.074 4.85c-.061 1.17-.256 1.805-.421 2.227"/>
                        </svg>
                    </a>
            </div>
        </div>
    </main>
</body>
</html>



<p class="has-text-align-center has-small-font-size"><em>(cette jolie page a été créée grâce à un <a href="https://profil.cestpasdujdr.fr/" data-type="link" data-id="https://profil.cestpasdujdr.fr/">outil qui fait une alternative à LinkTree </a>!)</em></p>



<p></p>

<p>Vélocampus Nantes &#8211; Links Vélocampus Nantes 🚲 Vélocampus, association vélo ouverte à tous·tes ! 🚴‍♂️ Location et autoréparation de vélo 🔧 📍 Nantes, Mohrronnière &#8211; Petit Port Site internetRéserver un créneau d&#8217;atelierCompte MobilizonCompte MastodonCompte InstagramNous contacterMembre de la Clavette du</p>
